t f be (-272)/(-9) - 6/27. Calculate the greatest common factor of l and f.
6
Suppose -623 = -6*t + 1351. Calculate the greatest common divisor of 517 and t.
47
Let h(c) = 13*c + 3. Let n be h(9). Calculate the greatest common factor of n and 300.
60
Let z(d) = 13*d - 32. Let i be z(4). What is the highest common divisor of 5 and i?
5
Let k be (1 - 6)/(-5) - -7. Let y = -38 - -78. Calculate the greatest common divisor of k and y.
8
Suppose 0 = 2*a + 4*s - 3*s - 5, 1 = a + s. Let m be -3 - (8/a - 61). What is the highest common factor of 8 and m?
8
Let g(l) = -9*l - 78. Let j be g(-17). Suppose q + 5 = 30. What is the highest common factor of q and j?
25
Suppose 2*y - 87 = -3. Let l be (-2 - -3)/(-6*1/(-168)). What is the greatest common factor of y and l?
14
Let h(a) = -a**2 + 4 - 8 - 2 - 8 + 10*a. Let t be h(8). Calculate the greatest common divisor of t and 1.
1
Let c(j) = -j**2 + 12. Let y be c(0). Suppose 0 = -342*k + 350*k - 192. Calculate the highest common divisor of k and y.
12
Suppose 116 = 3*l + w, -l + 4*l = w + 124. Let u = 253 + -158. Let n = u - 79. Calculate the highest common divisor of n and l.
8
Suppose -4*d + 7*d - 54 = 0. Let z be (-3 + 1)*(-225)/d. What is the greatest common divisor of z and 10?
5
Let z(m) = -4*m - 35. Let s be z(-8). Let a be 4 + 19 + s + 3. Calculate the greatest common factor of 23 and a.
23
Let u be 1*12/(-10)*-15. Let z = 2165 + -2003. Calculate the greatest common factor of u and z.
18
Suppose -32*s + 3*s + 435 = 0. Calculate the greatest common divisor of 255 and s.
15
Let v be (112/24)/7*15. Suppose -b = -0 - 10. Calculate the greatest common divisor of v and b.
10
Let j be (-6)/10 + 5376/60. Let l = -376 - j. Let w be l/(-7) - (-6)/(-14). What is the highest common factor of 44 and w?
22
Let v be ((-609070)/(-42))/55 + (-1)/(-3). Suppose 2*z = -z + 99. Calculate the highest common divisor of z and v.
33
Suppose -6*q + q - 180 = 0. Let n = q + 54. Let w be (-6)/n + (-98)/(-6). What is the greatest common divisor of w and 32?
16
Let a = 25 - 11. Let j(h) = 2*h**2 - 3*h. Let i be j(5). Calculate the greatest common divisor of a and i.
7
Let x be (-1)/(-3) + (-22)/(-6). Let w = -1601 + 1611. Calculate the greatest common factor of w and x.
2
Let u(g) = -g**2 - 15*g + 10. Let a be u(-16). Let b(l) = -4*l - 18. Let z be b(a). What is the greatest common factor of z and 21?
3
Let v be 69 + 5 + 10/(-1) - 4. Calculate the highest common divisor of v and 195.
15
Let m = 6 + -11. Let t be m + 2 - (-1 + 2). Let q be 10 + 4/8*t. Calculate the greatest common divisor of q and 24.
8
Let c be 22*2*126/72. What is the greatest common factor of 7 and c?
7
Let c(b) = b**3 - 7*b**2 - 13*b - 34. Let h be c(9). Calculate the highest common factor of 22 and h.
11
Suppose -26*r + 28*r = 170. Calculate the greatest common divisor of 25 and r.
5
Let t(d) be the second derivative of d**5/20 - 7*d**4/4 + 11*d**3/3 + d**2 - 7*d. Let p be t(20). What is the highest common divisor of 126 and p?
42
Let l be ((-12)/(-10))/(3/15). Let k(b) = b. Let h be k(l). Suppose s - 72 = -2*s. What is the greatest common divisor of h and s?
6
Let m be (5/(-2))/((-1)/2). Suppose -570 = -10*z + m*z. Suppose 2*n - z = -n. What is the highest common divisor of 57 and n?
19
Let h(f) = -5*f - 4. Let z be h(-1). Suppose 0 = -3*l - 3*d + 20 + 1, -d + z = -l. What is the highest common factor of 18 and l?
3
Let h(x) = -x**3 + 16*x**2 + 17*x + 18. Suppose 5*q + 2*i - 81 = 0, q + 7*i - 11*i - 25 = 0. Let a be h(q). What is the greatest common divisor of 72 and a?
18
Let r be (3/(-3))/(14/(-12) + 1). Suppose -2*s = w - 9, 4*s - r*s = 0. Calculate the highest common divisor of w and 54.
9
Suppose 3*g + 2*c - 45 = -c, -5*g = 3*c - 69. Let o(x) = 30*x**2 + x + 1. Let f be o(-1). Calculate the greatest common divisor of g and f.
6
Let o(u) = -387*u + 2*u**3 - 3*u**3 + 9 + 6*u**2 + 390*u. Let y be o(6). Calculate the highest common divisor of y and 108.
27
Let u be (-4 - (-405)/10) + (-9)/6. Let z(h) = -35*h**3 - h**2 - h. Let p be z(-1). Calculate the greatest common factor of u and p.
35
Let f be -12*2/(-12) - -13. Calculate the greatest common factor of 120 and f.
15
Suppose 5 = -5*c + 20, 4*g - c = 13. What is the highest common factor of g and 2?
2
Let m = -116 - -116. Suppose -i + 3 = 2*g, -5*i + 7 = 2*g - m. What is the highest common divisor of i and 3?
1
Let f = 11 + 16. Let y be 1/((-3)/(-18)) - -3. What is the greatest common divisor of y and f?
9
Let s(y) = y**3 - 4*y**2 - 21*y - 4. Let z be s(8). What is the greatest common factor of 231 and z?
21
Let u(f) = f**2 + 2*f - 1. Let m be u(-4). Let n = -96 - -159. Calculate the highest common divisor of n and m.
7
Suppose -7*b - 152 = -502. What is the greatest common divisor of b and 1150?
50
Let w be (2/(-1))/((-4)/(-50)). Let y = -40 - -89. Let r = y + w. Calculate the highest common factor of r and 120.
24
Let t = -24 - -42. Suppose 0 = -3*u + 4*v + 10, 4*u = 3*v - 2*v + 9. Calculate the highest common divisor of u and t.
2
Suppose 168*m - 1392 = -6*m. Let t be (2 - (1 + 1)) + 2. What is the highest common factor of t and m?
2
Let j(l) = -23*l**3 - l**2 - l - 1. Let m be j(-1). Let x be (-54)/(-297) + 1976/m. What is the highest common factor of 18 and x?
18
Let r be (-2)/(-5) + (-69)/(-15). Suppose -40 = -4*p - n - 3*n, 0 = 5*n. Let g be (-50)/(-6)*12/p. Calculate the highest common factor of r and g.
5
Suppose 7*y = 5*y - 4*m + 76, 3*y - 2*m - 154 = 0. What is the greatest common divisor of y and 3?
3
Let k = -7 - -6. Let z(x) = -143*x. Let j be z(k). What is the highest common factor of 13 and j?
13
Let s = -43 - -99. What is the greatest common factor of s and 140?
28
Let u(g) = -g**2 + 31*g - 15. Let b be u(28). Calculate the greatest common factor of 3 and b.
3
Let o = 35 - 34. Let u be (-9)/(-2) + 2/4. Suppose -45 + 0 = -u*p. What is the highest common factor of p and o?
1
Let t(p) = -p**3 + 6*p**2 - 4*p + 27. Let r be t(6). Calculate the highest common factor of r and 291.
3
Let k(s) be the second derivative of -s**3/2 + 31*s**2/2 - 10*s. Let g be k(8). Calculate the highest common factor of g and 70.
7
Let d be 68 - 7 - ((-2)/(-2) - -3). Calculate the highest common factor of d and 114.
57
Let d = -9 + 22. Suppose -4*y - 512 = -5*x - 2*y, -120 = -x - 4*y. Suppose x = 14*i - 12*i. What is the highest common factor of d and i?
13
Let q be 6 + 6/(-3) + -23. Let y = 15 + q. Let p be (-144)/y + (-8)/2. What is the highest common divisor of 4 and p?
4
Let l = 1726 + -1718. What is the greatest common factor of 62 and l?
2
Let z(d) = -d**3 - 7*d**2 - d - 2. Let b be z(-6). Let y = 33 + b. Suppose h - 35 = -5*f, h + y = -4. Calculate the highest common divisor of 4 and f.
4
Let q(y) = y**2 + 13*y - 12. Let v be q(-14). Suppose -3*b + 2*b = -3, 5*o = v*b + 269. What is the greatest common factor of 22 and o?
11
Let f = -12 + -76. Let n = f - -154. What is the greatest common divisor of n and 99?
33
Let c(a) = 3*a + 40. Let x be c(-5). Calculate the highest common divisor of 1775 and x.
25
Let s be 8/(-6)*8925/(-70). Calculate the highest common factor of s and 102.
34
Let d(n) = -7*n + 232. Let b be d(29). What is the highest common divisor of b and 464?
29
Suppose -21*r + 15561 = 18*r. What is the highest common divisor of 21 and r?
21
Suppose g - 6 + 9 = 0. Let i be 26/(-1)*(35/(-10) - g). What is the greatest common factor of 65 and i?
13
Let n = -210 + 218. What is the greatest common divisor of 20 and n?
4
Let n be 1224/255*20/6. Suppose -6*k + 2*l = -3*k - 48, -2*k + 32 = -4*l. Calculate the highest common divisor of n and k.
16
Suppose -o + 3*b = -32, o = -2*o + 5*b + 80. Let q be 1098/o + (-9)/(-90). Calculate the greatest common factor of q and 11.
11
Let t(a) = -a - 1. Let s be t(-3). Let g = 4 - s. Suppose f + 10 = 24. What is the greatest common factor of g and f?
2
Let q be 30/8*12/9. Suppose -12 = q*z - 72. Let b = 291 + -183. Calculate the greatest common divisor of z and b.
12
Let s = -17 + 49. Let a be 1 + (-5 - 1) - 32/(-8). Let c be a/(3/(-3))*(6 + -2). What is the greatest common divisor of s and c?
4
Suppose 7*l = 3*l - 8. Let x be 1*(-2)/(l/25). Calculate the greatest common factor of 10 and x.
5
Let l be (12/5)/(-4) - (-1016)/10. Suppose -4*f + 91 + l = 0. Calculate th